ative of l(a). Is q(-11) prime?
True
Is 67516 - ((22 - 23) + -2) composite?
True
Suppose 1320180 = -27*h + 3966126. Suppose -663*u = -657*u - h. Is u a prime number?
True
Let w be 1 + (-287)/(-1) + -4. Let m = w - -116. Let n = -93 + m. Is n a composite number?
False
Suppose 0 = 2*p - 3*u - 1010 + 3919, 5*p - 3*u = -7277. Let a = p - -2715. Is a a composite number?
False
Suppose -225*i + 348233855 = 92476580. Is i prime?
True
Let m(z) = 19939*z**2 + 17*z + 1. Is m(-4) composite?
True
Is 4569/(13328/1328 + -10) a composite number?
True
Suppose 0 = 2*z + 156 - 272. Suppose 46*l + 29148 = z*l. Is l a prime number?
False
Let w be (-3)/(-6) - 2/4. Suppose w = -3*l + 43 + 449. Suppose h + 214 + l = 3*i, -3*h - 499 = -4*i. Is i a prime number?
True
Suppose 0 = 2*p - z - 374830, -27*p = -32*p + 2*z + 937079. Is p a composite number?
True
Suppose -b = -2*b - 5*o + 28, -o = 4*b - 93. Let h = 14948 - 14911. Suppose h*m = b*m + 21602. Is m prime?
True
Let h(v) = -41298*v - 7309. Is h(-9) a composite number?
False
Let k(o) = -39322*o - 1687. Is k(-20) a prime number?
True
Let n = -182691 + 878342. Is n a composite number?
True
Let t = -492384 - -783307. Is t composite?
False
Let p(m) = -m**3 + 28*m**2 - 13*m - 6. Let d be -2 + (0 - 1)*(-3 + -24). Let i be p(d). Suppose 0*x - 2*x = 3*z - i, -2313 = -3*x - 3*z. Is x a prime number?
True
Let a be 5 + -3 - -33016 - 3. Suppose 44021 = 4*k + 3*j, -9*k + 12*k + 2*j - a = 0. Is k prime?
True
Let c(v) = v**3 - 5*v**2 + 7*v. Let q be c(3). Suppose -3*h + 17530 + 2239 = 4*f, -32987 = -5*h + q*f. Is h a prime number?
False
Let b(d) = -4*d + 14. Let z be b(0). Let h(c) = 7*c - 25. Let m be h(z). Suppose 3372 + m = 5*v. Is v composite?
True
Let n be (-3 - (-129)/9)*-129. Let s = n + 2549. Is s a composite number?
False
Suppose -16741272 = 7430*k - 7454*k. Is k prime?
True
Let n(a) = 299*a - 63. Suppose -4*g = 3*g - 42. Let r be n(g). Suppose -5295 = -6*j + r. Is j prime?
True
Is (-2*8/12)/(16/(-515244)) a prime number?
True
Let a = -1308340 + 1872639. Is a prime?
True
Suppose 29*h - 52241 = 28*h. Suppose -h = -12*v + 36883. Is v composite?
True
Suppose -2*i = -n + 3*i + 12, 0 = -3*n - 3*i. Is (-2 + 2175/6)*n a prime number?
False
Let x(z) = 40*z**2 - 18*z - 3. Suppose -6*t - 299 = -269. Is x(t) composite?
False
Let v be (14/56)/(1/(-3 - -7)). Suppose -j - 3 = v, -j = -g + 5957. Is g a composite number?
False
Let p be -5*((-6084)/10 - -5). Let k = p - 180. Is k a composite number?
False
Let w(t) = -3*t**3 - 11*t**2 + 5*t + 12. Let k(i) = -13*i**3 - 44*i**2 + 19*i + 48. Let j(d) = -2*k(d) + 9*w(d). Is j(-14) a composite number?
True
Suppose 4934 + 25270 = 36*d. Is d composite?
False
Let x = -139470 - -229739. Is x prime?
False
Suppose 14*q - 362*q + 111922127 = -71*q. Is q composite?
False
Suppose 2*n = 6, 117*k - 258836 = 116*k - 5*n. Is k prime?
False
Suppose q + 3*l - 21826 = -q, -10908 = -q + l. Let c = 5523 - 450. Let h = q - c. Is h a prime number?
False
Let v(r) = -r**3 - 12*r**2 + 46*r - 49. Let x be ((-33)/9)/(16/96). Is v(x) a prime number?
True
Suppose -102*c + 4*d - 261415 = -105*c, 87141 = c + 4*d. Is c a prime number?
False
Let h(n) = -n**3 - 72*n**2 + 23*n + 617. Is h(-75) composite?
False
Suppose -4*j = -24*j - 237320. Let d = 17445 + j. Is d a prime number?
False
Let y be (-6 - -10)*1*(-157)/(-4). Suppose -61 = 6*f - y. Suppose -8*m = -f*m + 976. Is m a composite number?
True
Let j = -52582 + 112589. Is j prime?
False
Let n = 1706676 - 788923. Is n a composite number?
False
Suppose 0 = -2*n + 15 - 9. Suppose 1648 = n*x + 5*a, 0 = x - a - 146 - 390. Is x a prime number?
True
Is 7 + (((-42)/49)/(-3) - (-35424128)/56) a composite number?
True
Suppose 4*m + 34 = 186. Suppose -m*t + 3417 = -35*t. Is t prime?
False
Let w(n) = n**2 + 3*n + 4. Let h be w(-3). Suppose 0 = h*o + 5 - 17. Suppose 15 = -5*r, -o*q + 2*r = -q - 3304. Is q a composite number?
True
Suppose -5*g + 4*v - 12 + 41 = 0, 8 = 2*g + 2*v. Suppose 12382 = 4*k - g*x, k + 5*x - 3083 = -0*k. Is k prime?
False
Let o(k) be the second derivative of -557*k**3/3 + 129*k**2/2 - 123*k. Is o(-20) prime?
True
Let d(g) = 2*g + 57. Let c be d(-27). Suppose 3*q = -3*m + 3441, 7*q = -c*m + 2*q + 3433. Is m a composite number?
False
Let m = -23960 - -33939. Is m composite?
True
Let p = 104 + -98. Is (-2129)/(3/6 + (-9)/p) prime?
True
Let w = 16 - -61. Suppose f - 134 = w. Is f composite?
False
Let o = -32123 - -60582. Is o a prime number?
False
Suppose 2*d - 251428 - 248782 = 0. Is d prime?
False
Suppose 0 = 3*k - 2*p - 19790, -5*p + 6620 = k - p. Suppose -2*g - 1 = -11. Suppose 0 = -g*r - q + k, -3*q + 2663 = 2*r + 2*q. Is r prime?
True
Suppose 4*c = 10 + 10. Suppose 4*t = -5*k + 48484, c*t = -3*k + 4*t + 29096. Suppose -4*p + 7784 = -0*p + 4*y, 5*p - k = 5*y. Is p a composite number?
True
Let b(f) = -f**3 - 2*f**2 + 2*f - 7. Let m be b(-5). Suppose 4*q = -20, 4*v = -4*q + 1 - 9. Suppose m = k + v*h - 0*h, 0 = 3*h - 3. Is k prime?
False
Is (-102481926)/(-657)*(-6)/(-4) prime?
False
Suppose -256*d = -244*d - 65424. Suppose -5*k = -g - 6805, -4*k - 3*g = 8 - d. Is k composite?
False
Suppose -3*t + 90 = z - 6*z, 0 = -3*t - 2*z + 69. Let u = 34 - t. Let p(j) = 13*j**2 - 21*j + 13. Is p(u) composite?
False
Let b = -278 + 2460. Suppose 0 = -4*s - 5*w + w + 4376, 2*s + 4*w - b = 0. Is s a composite number?
False
Suppose -4*k - 4 = 3*s, s + 2*k + 3 = -k. Suppose m - 427 = -s*m. Is m prime?
False
Let z = -912 + 112. Let l be 2/(-9) + z/(-36) + 3. Let j(w) = -w**2 + 41*w + 45. Is j(l) a prime number?
False
Let o be (6/(-4))/((-19)/(-190)). Let l(u) = 2*u**2 - 6*u - 11. Is l(o) a composite number?
True
Let z = -929 - -1558. Suppose z = -m + t - 347, -956 = m - 5*t. Let b = -658 - m. Is b a prime number?
False
Let l(c) = -c**3 - 5*c**2 - 9*c - 36. Let z be l(-5). Suppose z*v - 131474 = -5*v. Is v composite?
False
Let c(u) = 7*u + 67. Let v be c(-16). Is (4 + v/10)/(2/(-23992)) composite?
True
Let w(s) = 7011*s**2 - 4*s - 11. Is w(-6) composite?
False
Let g(o) = 378*o**2 + 11*o + 2. Let w be g(3). Let p = w + -1816. Is p prime?
True
Suppose -9 = 2*d - g - 103, -5*d - 3*g + 246 = 0. Let n = d + -45. Suppose -6*s = -n*s - 279. Is s composite?
True
Suppose 0 = 3*l - l - 6410. Let h = l - 1865. Suppose 266 + 267 = 2*b + m, -5*m = -5*b + h. Is b composite?
True
Suppose -2*u + 30625 = 2*o - 208777, -3*o + 598505 = 5*u. Is u a composite number?
False
Let r = -27 - -29. Let s be 2*4/(-16)*r. Is (s*19)/(5/(-25)) prime?
False
Let w(k) = 1287*k**3 - 2*k**2 + 3*k - 3. Let a be w(5). Suppose 2*l + a = 19*l. Is l composite?
False
Let d(y) = 80*y**2 - y. Let w be d(-1). Let t be (-4)/(-18) + 144/w. Suppose 0 = 5*n - 10*n - 5*l + 1290, 0 = -n + t*l + 273. Is n prime?
True
Let r(p) be the third derivative of -79*p**7/5040 - p**6/720 + p**5/6 + 8*p**2. Let y(h) be the third derivative of r(h). Is y(-2) prime?
True
Is ((-113222760)/20)/(-21) - -15 a prime number?
False
Let u(p) = p**2 + 18*p + 7069. Suppose 2*f + 2*y = 5*y + 3, -2*y - 2 = -3*f. Is u(f) a composite number?
False
Suppose 0 = -5*z, -2*o + 0*z - 5518 = -5*z. Let r = o - -3904. Is r a prime number?
False
Suppose 0 = 3*x - 14*r + 11*r - 906, -r + 1 = 0. Is x a prime number?
False
Suppose -2*t + 4*r + 40 = 3*t, -3*r + 1 = 4*t. Suppose -3*l = t*a - 374 - 20252, -a = 3*l - 5152. Is a a composite number?
True
Let n = 277328 + -194282. Suppose 33*o - 65025 - n = 0. Is o a prime number?
False
Let q(v) = -3918*v + 2177. Is q(-5) a prime number?
True
Suppose -a + 6*a = -3*v + 30, -27 = -4*a - 3*v. Suppose a*u = 7948 + 13463. Is (-1 - u/(-15))*(-5)/(-2) composite?
False
Suppose 2*w + 2*y = 463216, 4*y + 1158067 = 26*w - 21*w. Is w prime?
True
Suppose -5*u + 50800 = -5*i, 1123*u + 4*i = 1118*u + 50773. Is u a prime number?
False
Let h = -14 + 76. Suppose -4*g = 2462 + h. Let t = g - -1077. Is t a prime number?
False
Let l be (-190)/20*(2 + -4)*2. Let v = l + -35. Suppose 4*b = 0, -4*g = g + v*b - 1975. Is g a composite number?
True
Suppose 317*c = 308*c + 196173. Is c prime?
False
Let y be (-2)/(7 - (20/(-50))/((-61)/1065)). Let t(w) = 63*w**3 + w**2 - 1. Let m be t(-1). Let g = m - y. Is g composite?
False
Let z(k) = -4*k - 14. Let w be z(6). Let q = w + -310. Let b = 490 - q. Is b prime?
False
Let u(j) be the first derivative of 24439*j*